 divisor of 142 and 7974649.
71
What is the greatest common factor of 11610 and 293760?
270
Calculate the highest common factor of 56 and 113301184.
8
What is the highest common divisor of 19585921 and 1258?
17
Calculate the greatest common factor of 71982 and 25173.
9
What is the highest common factor of 52358 and 176012?
1114
What is the greatest common factor of 12141265 and 7580?
1895
What is the highest common divisor of 173326 and 846884?
2194
Calculate the highest common divisor of 85377890 and 260.
130
Calculate the highest common divisor of 102 and 9016018.
34
What is the greatest common divisor of 4855560 and 2481960?
5160
What is the greatest common factor of 1240 and 163544840?
1240
What is the highest common factor of 515764173 and 51?
51
What is the highest common divisor of 268 and 256141?
67
Calculate the greatest common factor of 24704734 and 142.
142
What is the greatest common divisor of 16 and 21708008?
8
What is the greatest common divisor of 154659863 and 5848?
731
Calculate the highest common divisor of 1353 and 17032917.
1353
What is the highest common divisor of 2439952 and 2064?
16
Calculate the highest common factor of 960 and 25441440.
480
Calculate the greatest common factor of 64 and 683715952.
16
Calculate the greatest common factor of 443275 and 6965.
35
Calculate the highest common divisor of 359750 and 40250.
250
Calculate the greatest common factor of 6079911 and 327.
327
What is the greatest common divisor of 823770 and 377985?
1695
What is the greatest common divisor of 7053780 and 465?
15
What is the highest common divisor of 3461762 and 893?
19
Calculate the highest common factor of 298540410 and 126.
42
Calculate the highest common factor of 619807160 and 224.
56
Calculate the greatest common factor of 4590 and 193358.
34
Calculate the highest common divisor of 252704 and 1643.
53
What is the greatest common factor of 156 and 12896104?
52
What is the highest common factor of 2520 and 969885?
315
What is the greatest common factor of 76886352 and 48?
48
What is the highest common factor of 80136 and 970960?
424
Calculate the highest common divisor of 41783461 and 1283.
1283
Calculate the greatest common factor of 3149116 and 5463.
607
Calculate the highest common divisor of 58720 and 2245.
5
What is the greatest common divisor of 189720 and 150040?
1240
What is the greatest common divisor of 9952 and 1306528?
32
What is the highest common factor of 131345 and 7712?
241
Calculate the highest common divisor of 14276005 and 136.
17
Calculate the greatest common factor of 94940 and 75200.
940
What is the greatest common factor of 14260 and 5897440?
620
Calculate the greatest common divisor of 1936 and 681272.
8
What is the greatest common factor of 1197853 and 1864?
233
Calculate the highest common factor of 141056 and 84303.
551
What is the highest common factor of 69069384 and 11376?
5688
Calculate the highest common divisor of 270796 and 384.
4
What is the highest common divisor of 994 and 6328490?
14
Calculate the highest common factor of 13488331 and 4287.
1429
What is the greatest common divisor of 515 and 1404785?
5
What is the greatest common factor of 149144832 and 4608?
2304
What is the highest common factor of 4684551 and 3372?
843
Calculate the greatest common factor of 39185 and 5557355.
2305
Calculate the greatest common divisor of 3755657 and 18581.
17
What is the highest common factor of 594527 and 2599?
23
Calculate the highest common factor of 161 and 164835181.
161
What is the highest common factor of 2180 and 15611525?
545
What is the greatest common factor of 143 and 120272087?
13
Calculate the greatest common divisor of 241382 and 758.
2
What is the greatest common factor of 26691 and 122136?
21
What is the highest common factor of 3258 and 19092966?
1086
Calculate the greatest common divisor of 1359765 and 511885.
2255
Calculate the highest common factor of 919327906 and 28.
14
Calculate the highest common factor of 16180 and 39768822.
1618
Calculate the greatest common factor of 13834827 and 7221.
87
What is the highest common divisor of 955723 and 3468?
289
What is the greatest common divisor of 213729525 and 143775?
15975
Calculate the greatest common factor of 15 and 1116241320.
15
Calculate the greatest common divisor of 1860411 and 112.
7
Calculate the greatest common divisor of 2162 and 948377515.
1081
Calculate the greatest common factor of 3104 and 315936.
32
What is the greatest common factor of 8159535 and 540?
135
Calculate the highest common factor of 264342 and 9984.
78
What is the highest common divisor of 9819424 and 1312?
32
What is the highest common factor of 30697095 and 1815?
1815
What is the greatest common factor of 10781866 and 1162?
166
Calculate the greatest common factor of 135930872 and 616.
616
Calculate the highest common divisor of 5092 and 117382.
38
Calculate the highest common divisor of 95104494 and 391.
391
Calculate the greatest common divisor of 1339 and 5393050.
13
What is the highest common factor of 7862031 and 7985?
1597
What is the greatest common divisor of 22339719 and 7404?
1851
Calculate the highest common divisor of 1195194597 and 597.
597
Calculate the highest common factor of 6640 and 34281241.
83
What is the greatest common factor of 29048417 and 4771?
367
What is the highest common factor of 257061903 and 518?
259
Calculate the greatest common factor of 345401935 and 15155.
2165
Calculate the greatest common factor of 986 and 689200689.
493
What is the greatest common divisor of 105904194 and 132?
66
Calculate the greatest common factor of 147473 and 415907.
1657
Calculate the greatest common divisor of 72 and 73932408.
72
What is the highest common divisor of 5247 and 1616871?
159
What is the highest common divisor of 1762 and 29916998?
1762
What is the greatest common divisor of 65 and 1197580345?
65
What is the highest common factor of 342 and 888894?
18
Calculate the greatest common divisor of 3213 and 51311151.
459
What is the highest common factor of 2028 and 346909173?
507
Calculate the highest common factor of 470 and 12849565.
235
Calculate the highest common factor of 51648460 and 4776.
796
What is the greatest common divisor of 1106 and 107077706?
158
What is the greatest common divisor of 61982 and 2993366?
3646
What is the greatest common factor of 278038 and 417484?
122
Calculate the greatest common factor of 38963352 and 24.
24
Calculate the highest common divisor of 48160574 and 3542.
3542
What is the highest common divisor of 39377772 and 2205?
441
Calculate the greatest common factor of 5196 and 17288391.
1299
What is the highest common divisor of 133238820 and 1166?
1166
Calculate the highest common divisor of 429 and 839597.
11
What is the greatest common factor of 94240 and 2983285?
2945
Calculate the highest common divisor of 996 and 33708.
12
What is the greatest common divisor of 522 and 6596717?
29
What is the highest common divisor of 42 and 53285379?
21
Calculate the greatest common divisor of 621 and 4069413.
621
Calculate the greatest common divisor of 157390 and 36470.
10
Calculate the highest common divisor of 21 and 450544689.
21
Calculate the highest common divisor of 6270 and 115830.
330
Calculate the greatest common divisor of 788 and 3792370564.
788
Calculate the highest common divisor of 2731886 and 1365482.
922
Calculate the highest common divisor of 17382092 and 952.
476
What is the highest common divisor of 11976307 and 280393?
1679
Calculate the greatest common divisor of 1264 and 55172494.
158
Calculate the greatest common factor of 3081 and 50042629.
1027
What is the highest common divisor of 10223523 and 18?
9
Calculate the highest common divisor of 1970212 and 15358.
2194
Calculate the greatest common divisor of 24 and 29897384.
8
What is the highest common divisor of 286905302 and 382?
382
What is the greatest common divisor of 4509 and 837?
27
Calculate the highest common divisor of 2511 and 525233.
31
Calculate the highest common factor of 437019920 and 283.
283
Calculate the greatest common factor of 41470 and 23270.
130
Calculate the greatest common factor of 20115828 and 63.
9
Calculate the highest common factor of 93 and 6395269.
31
Calculate the highest common divisor of 5562881